ose 7*z - v = -10*z. What is the remainder when z is divided by 65?
61
Suppose -5*x - 9370 = -15*x. Suppose 0 = 5*o - 223 - x. What is the remainder when o is divided by 47?
44
Let s = -15769 + 21115. Calculate the remainder when s is divided by 50.
46
Let h(g) = -g**2 - 12*g + 1. Let x be h(-9). Let l = 184 - 176. Suppose 6*a - x - l = 0. Calculate the remainder when 17 is divided by a.
5
Let y = 55955 + -55892. Suppose 0 = -c - 0*c + 186. What is the remainder when c is divided by y?
60
Calculate the remainder when 304 is divided by (-7 + 1)*((-36)/(-24) - 1*8).
31
Let g = -588 + 958. Let n = 383 - g. Calculate the remainder when 26 is divided by n.
0
Suppose 16*k - 34 = 3*q, -5*q - 4*k + 106 = -2*q. Calculate the remainder when 715 is divided by q.
13
Suppose -2*k - k + i = -319, 412 = 4*k + 2*i. Let v(c) = 3*c**3 - 482*c**2 - 179*c + 2920. What is the remainder when k is divided by v(161)?
17
Let f = -2459 + 4983. Calculate the remainder when f is divided by 79.
75
Suppose -5*r = 2*o - 3*r - 48, 3*r + 54 = 3*o. Let j = -1 + 8. Suppose j*p - 2*p = -5*n + 65, 2 = n. Calculate the remainder when o is divided by p.
10
Let l = -4 + 6. Suppose -s = -115*n + 116*n - 87, 0 = -5*s + 2*n + 386. What is the remainder when s is divided by ((-3)/l)/((-1)/18)?
26
Suppose -431 = -4*d + 3*v, 5*v + 91 = -5*d + 656. What is the remainder when 114 is divided by d?
4
Let m = -460 - -476. Calculate the remainder when 634 is divided by m.
10
Let l = 2913 + -2891. Calculate the remainder when 189 is divided by l.
13
Suppose 0 = -2*u + 3*u - 148. Suppose 8*w = 9*w - 86. Suppose -3*q - 239 = -3*z - w, -248 = -5*z - 2*q. What is the remainder when u is divided by z?
48
Let h(c) = 191*c**2 + 3*c - 3. Let s be h(1). Let u = -169 + s. What is the remainder when 78 is divided by u?
12
Let p(w) = -2*w - 3. Suppose -l - 4*n - 5 = 46, 25 = -5*n. Let d = 38 + l. What is the remainder when d is divided by p(-4)?
2
Let s(l) be the second derivative of -l**5/20 - 5*l**4/6 + 3*l**3/2 + 19*l**2/2 + 46*l - 2. What is the remainder when 77 is divided by s(-11)?
36
Let m(l) = -l**3 - 16*l**2 - 19*l - 38. Let w be m(-15). Suppose -5*b = 4*n - 87, 24*n - w*n + b = 51. What is the remainder when 107 is divided by n?
23
Let t(s) = -3790*s - 1519. Calculate the remainder when t(-3) is divided by 24.
11
What is the remainder when 3967 is divided by 50/(-80)*4/(-5)*162?
79
Let i = 201 - 191. Calculate the remainder when (1*16)/(6/18) is divided by i.
8
Suppose -8*b - 1418 = -546. Let x = 118 + b. What is the remainder when 132 is divided by x?
6
Calculate the remainder when 928 is divided by (28405/(-1196))/(5/(-8)).
16
Let a be 2*((-58)/4)/((-2)/6). Suppose 4*n - 2*n = 3*k - 245, -k = -2*n - a. Let g = 106 - k. What is the remainder when g is divided by 7?
6
Let l = -14582 - -14978. Calculate the remainder when l is divided by 56.
4
Let i = -7332 + 9524. What is the remainder when i is divided by 725?
17
Suppose -111*q + 921673 = -212716 + 105752. What is the remainder when q is divided by 10?
7
Suppose -10*a - 25 = -5*a, -3*a = 4*m - 57. Let s(u) = u**3 + 10*u**2 - 15*u - 10. Calculate the remainder when s(-11) is divided by m.
16
What is the remainder when (-5070)/(-35) - (1/(-7) + 0) is divided by (8876/24)/7 + (-69)/(-414)?
39
Suppose w + 8 = -6. Let h = 763 - 723. Let b = h - w. What is the remainder when b is divided by 19?
16
Suppose -7*y + 51*y - 880 = 0. Let f = 184 + -91. Calculate the remainder when f is divided by y.
13
Let p(m) = m**3 - 2*m**2 - 14*m - 10. Let u = -130 + 136. Calculate the remainder when p(u) is divided by 39.
11
Let r(s) = 15*s**2 - 68*s - 225. Calculate the remainder when 271 is divided by r(7).
33
Suppose -k = -0*k - 15. Let h(f) = f**2 + 7*f - 34. Suppose -64 = 4*l + v - 5*v, -3*l = -2*v + 43. What is the remainder when k is divided by h(l)?
5
Suppose -3*p + 13 + 8 = 4*y, 3*p - 5*y + 6 = 0. Suppose 2*g + p*f - 88 = 0, -184 = -0*g - 4*g - 2*f. Calculate the remainder when 124 is divided by g.
30
Suppose -32*c = -25*c - 168. Let d = 42 + -24. Calculate the remainder when c is divided by d.
6
Let i = -3601 - -3747. What is the remainder when 2041 is divided by i?
143
Let q = -20528 - -21017. What is the remainder when q is divided by 121?
5
Suppose 3*a - 5*g = -a + 1265, -4*a + 1258 = 2*g. What is the remainder when a is divided by 68?
43
Suppose 0 = -22*c + 27*c - 20. Suppose 5*q - 94 = -4*g, -21 = c*g + 2*q - 121. Calculate the remainder when 153 is divided by g.
23
Suppose -4*k + a + 96 = 0, -4*a + 56 = 24*k - 20*k. What is the remainder when (-6)/27 + (-760)/(-18) is divided by k?
20
Let c(u) = 9*u**2 - 15*u - 56. Let j be -3 - (-5)/(-10)*(-1 + 1). Let n(w) = 17*w**3 + 2*w - 1. What is the remainder when c(j) is divided by n(1)?
16
Calculate the remainder when 1048 is divided by -5 - (-8 - -4)/4 - -16.
4
Let l(d) = 2*d**3 - d**2 + 104*d + 757. Calculate the remainder when l(0) is divided by 51.
43
Let j = -524 + 967. Suppose 6*o - 3047 = -j. Calculate the remainder when o is divided by 29.
28
Suppose -3*q = -131 - 124. Let p be -11 + 238 - (15 + -20). Let h = p - q. What is the remainder when h is divided by 30?
27
Suppose 12*s - 1 = 35. Suppose 0 = 2*a + 6, 0 = s*o + 2*o + 2*a - 394. What is the remainder when 317 is divided by o?
77
What is the remainder when 635 is divided by ((-16275)/(-4340))/((-59)/60 - -1)?
185
Suppose 5*o - 51*h = -55*h + 42084, -2*h - 42048 = -5*o. Calculate the remainder when o is divided by 47.
46
Let l = -6942 - -7078. Calculate the remainder when l is divided by 46.
44
Let o = -14517 + 14625. What is the remainder when o is divided by 31?
15
Let k = 91 + -59. Suppose -k = 4*u + 16. Calculate the remainder when 58 is divided by (-183)/u - 4/16.
13
Calculate the remainder when -78*(-25)/(-150)*-38 is divided by 86.
64
Suppose -3*k = -5*k - 2*l - 18, -33 = 5*k + 2*l. What is the remainder when k/(-1)*83*16/80 is divided by 21?
20
Let s(a) = 5*a**2 + 2*a - 5. Suppose -36 = 5*d + 3*b, -5*b = 2*d + d + 28. Let m = d + 18. What is the remainder when s(-3) is divided by m?
10
Suppose -69*y = -2474 - 53347. Calculate the remainder when y is divided by 202.
1
Suppose -280 + 85 = -5*s. Let t(b) = 1 + b**3 - 5*b**2 + 1 + 17*b**2 + 4 - 9*b. Calculate the remainder when t(-12) is divided by s.
36
Let l = 172 - 29. Let z = 56 + -35. What is the remainder when l is divided by z?
17
Let b(f) = -9*f + 92. Let z(g) = g**3 - 26*g**2 - 29*g + 61. Let w be z(27). What is the remainder when 519 is divided by b(w)?
26
Let f = -2 - -7. Let n(x) = 205*x**2 + 1 - 415*x**2 + 209*x**2 + 6*x. Calculate the remainder when 19 is divided by n(f).
1
Calculate the remainder when (-4 - 77/(-14))/((-71)/(-4118)) is divided by -1 - (-11)/(-2)*-2.
7
Let p = 25480 - 25283. What is the remainder when 8073 is divided by p?
193
Suppose 13255 = 3*f - 5*w, -34*w = f - 30*w - 4424. Calculate the remainder when f is divided by 67.
65
Let u = 32 + -22. Let a(k) = -27*k**3 + 41*k + 40. Calculate the remainder when a(-1) is divided by u.
6
Calculate the remainder when (-16)/(-6)*(-958719)/(-1252) is divided by 345.
317
Suppose 2*o + 6 = -o - 3*p, o + 4*p - 7 = 0. Calculate the remainder when 73 - 34 - 4*1 is divided by (4 + o)*(-18)/1.
17
Let j = -399 + 403. Suppose -4*h + 2*y + 74 = j*y, 0 = -5*h + 5*y + 85. What is the remainder when 59 is divided by h?
5
Suppose -3*v = 5*p - 2650, -21*v - 2147 = -4*p - 18*v. Let h = 595 - p. What is the remainder when 232 is divided by h?
46
Let k(b) = -b**2 + 8*b + 6. Let m be k(4). Let w = -9 + m. Suppose 0 = -l - 1, 2*v = -0*v - l + w. What is the remainder when v is divided by 4?
3
Let x(n) = -n**3 + 2*n + 2. Let j(w) = 4*w**3 + 7*w**2 + 4*w - 65. Let y(o) = j(o) + 5*x(o). What is the remainder when y(7) is divided by 4?
3
Let k = 32 + -23. Let u(w) be the third derivative of -w**4/8 + 15*w**3/2 + 39*w**2. Calculate the remainder when 178 is divided by u(k).
16
Let q(i) = 6*i + 294. Let m be q(-10). Suppose -m = 24*c - 618. Calculate the remainder when (-84 - 3)/((-6)/4) is divided by c.
10
Let x = -295 - -336. Suppose -137 = -4*h - x. Calculate the remainder when 69 is divided by h.
21
Suppose 3*i - 4943 = 5*s, -4*i + 77*s = 79*s - 6582. Calculate the remainder when i is divided by 17.
14
Calculate the remainder when (2388/(-